test common factor of 691709 and 7.
1
What is the highest common divisor of 780 and 17172012?
156
What is the highest common divisor of 5923246 and 15694?
826
Calculate the greatest common divisor of 8491 and 24841027.
1213
What is the highest common divisor of 657882 and 222?
6
Calculate the greatest common divisor of 800 and 212900.
100
Calculate the greatest common factor of 25 and 36529325.
25
What is the greatest common divisor of 36463236 and 36?
12
What is the highest common divisor of 63232 and 515398?
26
What is the highest common factor of 100 and 165979850?
50
Calculate the greatest common factor of 28 and 169035524.
28
What is the highest common factor of 932425920 and 5760?
2880
Calculate the greatest common divisor of 12049209 and 2040.
51
What is the highest common divisor of 74438 and 3991?
13
What is the greatest common divisor of 558 and 61146198?
558
What is the highest common factor of 846397798 and 2798?
2798
Calculate the greatest common divisor of 220 and 4911698.
22
What is the highest common factor of 88026 and 18?
6
What is the highest common factor of 276030 and 4170?
30
What is the highest common factor of 465859940 and 3224?
1612
What is the highest common factor of 16576 and 317238?
74
What is the greatest common divisor of 1437518 and 10?
2
Calculate the highest common divisor of 1368 and 1326751.
19
Calculate the highest common factor of 9949372 and 477.
53
Calculate the greatest common factor of 30058051 and 658.
47
Calculate the greatest common factor of 11492 and 2771.
17
What is the greatest common divisor of 2568723780 and 70?
70
What is the highest common factor of 148626 and 2898?
414
Calculate the greatest common factor of 3504622 and 22474.
1322
Calculate the greatest common divisor of 347520 and 6880.
160
Calculate the highest common divisor of 13584 and 16998.
6
What is the greatest common divisor of 159814497 and 201?
201
What is the greatest common divisor of 11685 and 1012155?
15
Calculate the highest common factor of 1281711432 and 1167.
1167
Calculate the highest common factor of 16815 and 54280.
295
Calculate the greatest common factor of 4869524 and 46948.
484
What is the highest common factor of 135453 and 318339?
489
Calculate the greatest common divisor of 42 and 16778622.
42
What is the highest common divisor of 11336 and 70088?
8
What is the greatest common divisor of 400 and 541984?
16
Calculate the highest common factor of 6827950 and 50.
50
Calculate the highest common divisor of 34373 and 8735387.
929
Calculate the highest common divisor of 137654 and 59862.
22
What is the highest common factor of 24 and 1505811?
3
Calculate the highest common divisor of 9048 and 21856488.
696
What is the greatest common divisor of 3535 and 198028579?
707
What is the highest common factor of 280 and 141176?
56
Calculate the highest common factor of 120517 and 79952.
19
Calculate the highest common divisor of 3784860 and 2700.
540
What is the greatest common factor of 190 and 16515845?
95
What is the highest common factor of 1146 and 2506958658?
1146
Calculate the greatest common divisor of 40579 and 2845335.
31
Calculate the greatest common factor of 394 and 9144346.
394
What is the highest common divisor of 2498875 and 125?
125
Calculate the highest common divisor of 2156 and 1459304.
308
Calculate the greatest common factor of 43582 and 910756.
154
Calculate the highest common divisor of 54018198 and 44226.
702
Calculate the greatest common factor of 1492677 and 4761.
207
What is the highest common divisor of 69730048 and 48?
16
What is the greatest common divisor of 56 and 3739498?
14
Calculate the highest common factor of 72489560 and 3289.
3289
Calculate the greatest common divisor of 501286530 and 5190.
5190
What is the highest common divisor of 49921993 and 253?
11
Calculate the highest common divisor of 6876621 and 388.
97
What is the greatest common factor of 4680 and 160840?
40
What is the highest common factor of 320473628 and 92?
92
Calculate the greatest common factor of 1045107 and 87327.
2817
Calculate the greatest common factor of 380 and 34079996.
76
Calculate the greatest common factor of 239833 and 20317.
11
What is the greatest common divisor of 15 and 117834522?
3
Calculate the highest common divisor of 514706 and 364.
2
Calculate the highest common divisor of 7251876 and 4316.
332
What is the highest common factor of 10485468 and 56?
28
What is the greatest common divisor of 1510 and 964588?
302
What is the highest common factor of 69273592 and 62?
62
Calculate the highest common divisor of 148309792 and 128.
32
What is the highest common divisor of 67707858 and 42?
6
What is the greatest common factor of 10646593 and 6574?
3287
Calculate the greatest common factor of 4018 and 50471470.
98
Calculate the greatest common factor of 7283824 and 1104.
368
What is the highest common divisor of 10880 and 122961?
17
What is the greatest common factor of 1429567930 and 5516?
2758
Calculate the greatest common divisor of 120 and 95743896.
24
Calculate the highest common factor of 119100 and 31200.
300
What is the greatest common factor of 2485432 and 5896?
536
What is the highest common factor of 48448249 and 34?
17
What is the highest common divisor of 31046 and 21253875?
361
What is the highest common factor of 2839 and 2730617?
167
Calculate the highest common factor of 880 and 1629520.
80
Calculate the highest common divisor of 1402 and 10965743.
701
What is the greatest common divisor of 19459 and 176671?
11
What is the highest common factor of 213640697 and 19977?
6659
Calculate the highest common factor of 399 and 5305503.
399
What is the highest common factor of 538938 and 1467?
9
What is the highest common factor of 788 and 1266119?
197
Calculate the greatest common divisor of 134719 and 9402133.
3133
What is the greatest common divisor of 8109856 and 5472?
32
What is the highest common divisor of 21 and 175150724?
7
Calculate the greatest common factor of 2119934 and 8891.
17
Calculate the greatest common divisor of 5296236705 and 7093.
7093
What is the greatest common divisor of 28525 and 1555225?
175
Calculate the highest common divisor of 715 and 2691513.
11
What is the highest common divisor of 125 and 23962775?
25
What is the greatest common factor of 30 and 1697017950?
30
What is the greatest common factor of 56535560 and 80?
40
Calculate the highest common factor of 624532 and 7568.
172
What is the highest common factor of 90008465 and 55?
5
What is the greatest common divisor of 2783768 and 426?
142
Calculate the highest common divisor of 668 and 4666147.
167
What is the highest common divisor of 1484 and 4551004?
212
What is the greatest common factor of 10595 and 34122257?
2119
Calculate the highest common factor of 1072536 and 368.
184
Calculate the highest common factor of 1387737 and 33129.
3681
What is the greatest common divisor of 8523969 and 4908?
1227
What is the highest common divisor of 273 and 37690107?
273
What is the greatest common factor of 105 and 3276308?
7
Calculate the highest common factor of 323462316 and 2081.
2081
What is the greatest common factor of 11187711 and 1025?
41
What is the highest common factor of 485940 and 11427600?
5340
What is the highest common divisor of 9296 and 118384?
112
Calculate the highest common factor of 180430299 and 17.
17
What is the greatest common divisor of 2945728 and 5184?
64
What is the greatest common factor of 1126109889 and 2791?
2791
Calculate the greatest common divisor of 17487 and 420564293.
1943
Calculate the greatest common factor of 150 and 636214100.
50
What is the greatest common divisor of 45255841 and 164?
41
Calculate the greatest common divisor of 7625 and 575125.
125
What is the greatest common divisor of 7185192 and 447949?
2251
What is the greatest common factor of 5 and 6762025?
5
Calculate the greatest common factor of 896 and 860992.
64
Calculate the greatest common divisor of 125298 and 17946.
18
What is the greatest common divisor of 136206 and 74166?
282
What is the highest common factor of 96460 and 1142362?
1378
What is the greatest common factor of 44270 and 515?
5
What is the highest common divisor of 32059533 and 1848?
33
Calculate the greatest common divisor of 386055 and 41030